 factors of 1294?
2, 647
List the prime factors of 304.
2, 19
List the prime factors of 6964.
2, 1741
What are the prime factors of 10170?
2, 3, 5, 113
What are the prime factors of 4633?
41, 113
What are the prime factors of 49901?
139, 359
List the prime factors of 9.
3
List the prime factors of 1221.
3, 11, 37
List the prime factors of 785.
5, 157
What are the prime factors of 1069?
1069
List the prime factors of 723.
3, 241
List the prime factors of 169894.
2, 84947
List the prime factors of 442.
2, 13, 17
What are the prime factors of 7272?
2, 3, 101
What are the prime factors of 61954?
2, 30977
List the prime factors of 65537.
65537
List the prime factors of 8083.
59, 137
List the prime factors of 19379.
19379
List the prime factors of 969.
3, 17, 19
List the prime factors of 12793.
11, 1163
What are the prime factors of 33894?
2, 3, 7, 269
List the prime factors of 1276.
2, 11, 29
What are the prime factors of 20142?
2, 3, 373
List the prime factors of 4091.
4091
List the prime factors of 4922.
2, 23, 107
What are the prime factors of 8267?
7, 1181
List the prime factors of 5271.
3, 7, 251
What are the prime factors of 10308?
2, 3, 859
What are the prime factors of 2467?
2467
List the prime factors of 9030.
2, 3, 5, 7, 43
What are the prime factors of 38727?
3, 13, 331
List the prime factors of 1901.
1901
List the prime factors of 13373.
43, 311
What are the prime factors of 893?
19, 47
What are the prime factors of 7724?
2, 1931
List the prime factors of 3035.
5, 607
What are the prime factors of 919?
919
What are the prime factors of 756?
2, 3, 7
What are the prime factors of 305?
5, 61
List the prime factors of 1784.
2, 223
What are the prime factors of 4087?
61, 67
List the prime factors of 4989.
3, 1663
What are the prime factors of 242?
2, 11
What are the prime factors of 32685?
3, 5, 2179
What are the prime factors of 18627?
3, 7, 887
What are the prime factors of 569?
569
List the prime factors of 1976.
2, 13, 19
What are the prime factors of 42384?
2, 3, 883
What are the prime factors of 959?
7, 137
List the prime factors of 1047.
3, 349
What are the prime factors of 753?
3, 251
What are the prime factors of 143322?
2, 3, 23887
What are the prime factors of 3493?
7, 499
What are the prime factors of 87622?
2, 193, 227
List the prime factors of 11510.
2, 5, 1151
List the prime factors of 160.
2, 5
List the prime factors of 19892.
2, 4973
What are the prime factors of 88290?
2, 3, 5, 109
What are the prime factors of 2642?
2, 1321
What are the prime factors of 441?
3, 7
What are the prime factors of 1492?
2, 373
List the prime factors of 8503.
11, 773
List the prime factors of 6238.
2, 3119
What are the prime factors of 78248?
2, 9781
What are the prime factors of 2439?
3, 271
What are the prime factors of 1232?
2, 7, 11
What are the prime factors of 7833?
3, 7, 373
List the prime factors of 70201.
70201
List the prime factors of 16389.
3, 607
List the prime factors of 34524.
2, 3, 7, 137
What are the prime factors of 1646?
2, 823
List the prime factors of 133390.
2, 5, 13339
What are the prime factors of 2757?
3, 919
List the prime factors of 3161.
29, 109
What are the prime factors of 9830?
2, 5, 983
What are the prime factors of 831?
3, 277
What are the prime factors of 167153?
7, 23879
What are the prime factors of 7118?
2, 3559
List the prime factors of 3315.
3, 5, 13, 17
List the prime factors of 840.
2, 3, 5, 7
What are the prime factors of 16425?
3, 5, 73
What are the prime factors of 1205?
5, 241
What are the prime factors of 2506?
2, 7, 179
What are the prime factors of 487?
487
What are the prime factors of 3390?
2, 3, 5, 113
List the prime factors of 13694.
2, 41, 167
List the prime factors of 98.
2, 7
List the prime factors of 3095.
5, 619
List the prime factors of 3296.
2, 103
List the prime factors of 33045.
3, 5, 2203
List the prime factors of 7028.
2, 7, 251
What are the prime factors of 22915?
5, 4583
What are the prime factors of 359?
359
List the prime factors of 11715.
3, 5, 11, 71
List the prime factors of 18554.
2, 9277
What are the prime factors of 28378?
2, 7, 2027
List the prime factors of 2309.
2309
List the prime factors of 1601.
1601
What are the prime factors of 60517?
73, 829
What are the prime factors of 1511?
1511
What are the prime factors of 8403?
3, 2801
What are the prime factors of 1316?
2, 7, 47
List the prime factors of 1186.
2, 593
List the prime factors of 12482.
2, 79
What are the prime factors of 31731?
3, 7, 1511
List the prime factors of 116499.
3, 38833
List the prime factors of 49514.
2, 19, 1303
List the prime factors of 933.
3, 311
What are the prime factors of 50272?
2, 1571
What are the prime factors of 7535?
5, 11, 137
What are the prime factors of 7011?
3, 19, 41
List the prime factors of 965.
5, 193
List the prime factors of 1099.
7, 157
What are the prime factors of 2845?
5, 569
List the prime factors of 3635.
5, 727
What are the prime factors of 71866?
2, 35933
What are the prime factors of 21973?
7, 43, 73
List the prime factors of 589.
19, 31
List the prime factors of 2811.
3, 937
List the prime factors of 90942.
2, 3, 23, 659
List the prime factors of 111067.
11, 23, 439
What are the prime factors of 57647?
17, 3391
What are the prime factors of 1293?
3, 431
List the prime factors of 329.
7, 47
List the prime factors of 168769.
168769
List the prime factors of 121604.
2, 7, 43, 101
What are the prime factors of 1608?
2, 3, 67
What are the prime factors of 2703?
3, 17, 53
List the prime factors of 1664.
2, 13
List the prime factors of 4879.
7, 17, 41
What are the prime factors of 1312?
2, 41
What are the prime factors of 545?
5, 109
What are the prime factors of 2020?
2, 5, 101
List the prime factors of 175.
5, 7
What are the prime factors of 18467?
59, 313
What are the prime factors of 12515?
5, 2503
List the prime factors of 1837.
11, 167
What are the prime factors of 43583?
41, 1063
List the prime factors of 1097.
1097
What are the prime factors of 10882?
2, 5441
List the prime factors of 12579.
3, 7, 599
What are the prime factors of 11462?
2, 11, 521
List the prime factors of 4308.
2, 3, 359
List the prime factors of 8496.
2, 3, 59
What are the prime factors of 1671?
3, 557
What are the prime factors of 87828?
2, 3, 13, 563
List the prime factors of 1194.
2, 3, 199
List the prime factors of 93807.
3, 7, 1489
What are the prime factors of 55568?
2, 23, 151
List the prime factors of 2341.
2341
What are the prime factors of 1617?
3, 7, 11
List the prime factors of 3646.
2, 1823
List the prime factors of 302.
2, 151
List the prime factors of 586.
2, 293
List the prime factors of 21551.
23, 937
List the prime factors of 2284.
2, 571
What are the prime factors of 1139?
17, 67
What are the prime factors of 339?
3, 113
List the prime factors of 302.
2, 151
List the prime factors of 22752.
2, 3, 79
List the prime factors of 2793.
3, 7, 19
List the prime factors of 7608.
2, 3, 317
List the prime factors of 3332.
2, 7, 17
List the prime factors of 44779.
7, 6397
List the prime factors of 28691.
13, 2207
What are the prime factors of 31423?
7, 67
What are the prime factors of 3808?
2, 7, 17
List the prime factors of 4141.
41, 101
What are the prime factors of 162061?
17, 9533
List the prime factors of 474.
2, 3, 79
List the prime factors of 172457.
37, 59, 79
What are the prime factors of 32940?
2, 3, 5, 61
List the prime factors of 10028.
2, 23, 109
List the prime factors of 15992.
2, 1999
What are the prime factors of 4296?
2, 3, 179
List the prime factors of 23629.
23629
List the prime factors of 1333.
31, 43
List the prime factors of 28332.
2, 3, 787
List the prime factors of 6701.
6701
List the prime factors of 57292.
2, 14323
List the prime factors of 8015.
5, 7, 229
List the prime factors of 55053.
3, 2039
What are the prime factors of 1146?
2, 3, 191
List the prime factors of 2476.
2, 619
List the prime factors of 1632.
2, 3, 17
List the prime factors of 32914.
2, 7, 2351
What are the prime factors of 114491?
13, 8807
What are the prime factors of 38347?
31, 1237
List the prime factors of 1048.
2, 131
What are the prime factors of 962?
2, 13, 37
What are the prime factors of 90725?
5, 19, 191
List the prime factors of 7431.
3, 2477
What are the prime factors of 197?